e factors of 1619.
1619
List the prime factors of 1222.
2, 13, 47
What are the prime factors of 3967?
3967
List the prime factors of 7404.
2, 3, 617
List the prime factors of 43819.
29, 1511
What are the prime factors of 313?
313
What are the prime factors of 807?
3, 269
What are the prime factors of 37023?
3, 7, 41, 43
What are the prime factors of 7299?
3, 811
What are the prime factors of 2832?
2, 3, 59
List the prime factors of 46.
2, 23
What are the prime factors of 5178?
2, 3, 863
List the prime factors of 26092.
2, 11, 593
List the prime factors of 45021.
3, 43, 349
What are the prime factors of 22307?
22307
List the prime factors of 2648.
2, 331
List the prime factors of 112590.
2, 3, 5, 139
List the prime factors of 623.
7, 89
List the prime factors of 25805.
5, 13, 397
List the prime factors of 719.
719
List the prime factors of 1070.
2, 5, 107
List the prime factors of 648.
2, 3
What are the prime factors of 11269?
59, 191
List the prime factors of 70348.
2, 43, 409
What are the prime factors of 5117?
7, 17, 43
List the prime factors of 3298.
2, 17, 97
List the prime factors of 234.
2, 3, 13
What are the prime factors of 196220?
2, 5, 9811
What are the prime factors of 217?
7, 31
What are the prime factors of 11145?
3, 5, 743
What are the prime factors of 27739?
27739
What are the prime factors of 1187?
1187
What are the prime factors of 7980?
2, 3, 5, 7, 19
List the prime factors of 12496.
2, 11, 71
List the prime factors of 4817.
4817
What are the prime factors of 96314?
2, 48157
What are the prime factors of 75730?
2, 5, 7573
List the prime factors of 42136.
2, 23, 229
What are the prime factors of 80904?
2, 3, 3371
What are the prime factors of 3147?
3, 1049
List the prime factors of 16241.
109, 149
List the prime factors of 34884.
2, 3, 17, 19
List the prime factors of 1281.
3, 7, 61
List the prime factors of 454.
2, 227
List the prime factors of 817.
19, 43
List the prime factors of 2683.
2683
List the prime factors of 134.
2, 67
List the prime factors of 31880.
2, 5, 797
List the prime factors of 99736.
2, 7, 13, 137
What are the prime factors of 8814?
2, 3, 13, 113
List the prime factors of 6692.
2, 7, 239
List the prime factors of 1651.
13, 127
What are the prime factors of 538?
2, 269
What are the prime factors of 3075?
3, 5, 41
What are the prime factors of 10458?
2, 3, 7, 83
What are the prime factors of 5076?
2, 3, 47
What are the prime factors of 31772?
2, 13, 47
List the prime factors of 354.
2, 3, 59
List the prime factors of 883.
883
What are the prime factors of 82656?
2, 3, 7, 41
List the prime factors of 99986.
2, 49993
List the prime factors of 632.
2, 79
What are the prime factors of 167?
167
List the prime factors of 94893.
3, 47, 673
What are the prime factors of 413?
7, 59
List the prime factors of 177.
3, 59
What are the prime factors of 8480?
2, 5, 53
What are the prime factors of 36728?
2, 4591
List the prime factors of 22985.
5, 4597
List the prime factors of 2886.
2, 3, 13, 37
What are the prime factors of 5171?
5171
List the prime factors of 40898.
2, 11, 13
What are the prime factors of 27290?
2, 5, 2729
What are the prime factors of 59066?
2, 7, 4219
List the prime factors of 1054.
2, 17, 31
List the prime factors of 18424.
2, 7, 47
What are the prime factors of 4343?
43, 101
What are the prime factors of 1289?
1289
What are the prime factors of 19449?
3, 2161
List the prime factors of 716.
2, 179
List the prime factors of 4722.
2, 3, 787
What are the prime factors of 7366?
2, 29, 127
What are the prime factors of 5169?
3, 1723
What are the prime factors of 1343?
17, 79
List the prime factors of 63449.
67, 947
List the prime factors of 834.
2, 3, 139
What are the prime factors of 68731?
13, 17, 311
What are the prime factors of 6331?
13, 487
What are the prime factors of 10260?
2, 3, 5, 19
List the prime factors of 98364.
2, 3, 7, 1171
List the prime factors of 12111.
3, 11, 367
List the prime factors of 2964.
2, 3, 13, 19
List the prime factors of 9856.
2, 7, 11
List the prime factors of 14028.
2, 3, 7, 167
List the prime factors of 3021.
3, 19, 53
What are the prime factors of 3232?
2, 101
What are the prime factors of 2090?
2, 5, 11, 19
List the prime factors of 7253.
7253
List the prime factors of 7191.
3, 17, 47
What are the prime factors of 8437?
11, 13, 59
What are the prime factors of 5753?
11, 523
List the prime factors of 568.
2, 71
What are the prime factors of 2232?
2, 3, 31
List the prime factors of 46278.
2, 3, 857
What are the prime factors of 45790?
2, 5, 19, 241
List the prime factors of 477.
3, 53
What are the prime factors of 1090?
2, 5, 109
What are the prime factors of 35736?
2, 3, 1489
What are the prime factors of 4771?
13, 367
List the prime factors of 5729.
17, 337
List the prime factors of 22487.
113, 199
What are the prime factors of 11069?
11069
What are the prime factors of 12144?
2, 3, 11, 23
List the prime factors of 400.
2, 5
List the prime factors of 989.
23, 43
List the prime factors of 730.
2, 5, 73
What are the prime factors of 4611?
3, 29, 53
What are the prime factors of 840?
2, 3, 5, 7
What are the prime factors of 6075?
3, 5
What are the prime factors of 1153?
1153
What are the prime factors of 415?
5, 83
List the prime factors of 40599.
3, 13, 347
What are the prime factors of 32318?
2, 11, 13, 113
List the prime factors of 6940.
2, 5, 347
What are the prime factors of 35813?
59, 607
What are the prime factors of 20697?
3, 6899
List the prime factors of 461.
461
List the prime factors of 47680.
2, 5, 149
What are the prime factors of 4676?
2, 7, 167
List the prime factors of 25804.
2, 6451
What are the prime factors of 19?
19
What are the prime factors of 1429?
1429
List the prime factors of 9687.
3, 3229
What are the prime factors of 1346?
2, 673
List the prime factors of 5000.
2, 5
What are the prime factors of 418?
2, 11, 19
List the prime factors of 921.
3, 307
What are the prime factors of 10006?
2, 5003
List the prime factors of 1637.
1637
What are the prime factors of 1807?
13, 139
List the prime factors of 72731.
257, 283
List the prime factors of 645.
3, 5, 43
What are the prime factors of 4888?
2, 13, 47
List the prime factors of 14795.
5, 11, 269
List the prime factors of 233.
233
List the prime factors of 1659.
3, 7, 79
List the prime factors of 13223.
7, 1889
What are the prime factors of 237?
3, 79
List the prime factors of 407.
11, 37
What are the prime factors of 1628?
2, 11, 37
List the prime factors of 2344.
2, 293
List the prime factors of 23703.
3, 7901
What are the prime factors of 40989?
3, 13, 1051
What are the prime factors of 1865?
5, 373
What are the prime factors of 57667?
57667
List the prime factors of 15750.
2, 3, 5, 7
What are the prime factors of 64444?
2, 16111
List the prime factors of 114146.
2, 57073
What are the prime factors of 5972?
2, 1493
List the prime factors of 451.
11, 41
What are the prime factors of 46402?
2, 23201
List the prime factors of 773.
773
List the prime factors of 6751.
43, 157
What are the prime factors of 7089?
3, 17, 139
List the prime factors of 30147.
3, 13, 773
List the prime factors of 2557.
2557
List the prime factors of 4120.
2, 5, 103
List the prime factors of 4797.
3, 13, 41
List the prime factors of 705.
3, 5, 47
List the prime factors of 3495.
3, 5, 233
List the prime factors of 11492.
2, 13, 17
What are the prime factors of 20503?
7, 29, 101
What are the prime factors of 3935?
5, 787
List the prime factors of 47954.
2, 23977
What are the prime factors of 35639?
157, 227
List the prime factors of 8929.
8929
What are the prime factors of 671?
11, 61
List the prime factors of 1487.
1487
What are the prime factors of 1911?
3, 7, 13
What are the prime factors of 121050?
2, 3, 5, 269
List the prime factors of 18275.
5, 17, 43
List the prime factors of 4057.
4057
List the prime factors of 36231.
3, 13, 929
List the prime factors of 79552.
2, 11, 113
List the prime factors of 38264.
2, 4783
List the prime factors of 981.
3, 109
List the prime factors of 1408.
2, 11
List the prime factors of 33371.
13, 17, 151
List the prime factors of 8693.
8693
List the prime factors of 1176.
2, 3, 7
List the prime factors of 10561.
59, 179
What are the prime factors of 110743?
59, 1877
List the prime factor